{"id":3116,"date":"2020-11-20T10:36:53","date_gmt":"2020-11-20T09:36:53","guid":{"rendered":"https:\/\/www.gard-camping.com\/in-der-nahe\/domaines-vignobles\/"},"modified":"2020-11-20T13:21:22","modified_gmt":"2020-11-20T12:21:22","slug":"weinberge","status":"publish","type":"page","link":"https:\/\/www.gard-camping.com\/de\/in-der-nahe\/weinberge\/","title":{"rendered":"Weinberge"},"content":{"rendered":"<div class=\"fusion-fullwidth fullwidth-box fusion-builder-row-1 nonhundred-percent-fullwidth non-hundred-percent-height-scrolling\" style=\"--awb-border-radius-top-left:0px;--awb-border-radius-top-right:0px;--awb-border-radius-bottom-right:0px;--awb-border-radius-bottom-left:0px;--awb-flex-wrap:wrap;\" ><div class=\"fusion-builder-row fusion-row\"><div class=\"fusion-layout-column fusion_builder_column fusion-builder-column-0 fusion_builder_column_1_1 1_1 fusion-one-full fusion-column-first fusion-column-last\" style=\"--awb-bg-size:cover;\"><div class=\"fusion-column-wrapper fusion-column-has-shadow fusion-flex-column-wrapper-legacy\"><div class=\"fusion-title title fusion-title-1 fusion-sep-none fusion-title-center fusion-title-highlight fusion-animate-once fusion-highlight-underline fusion-title-size-two title-max\" data-highlight=\"underline\"><h2 class=\"fusion-title-heading title-heading-center fusion-responsive-typography-calculated\" style=\"margin:0;--fontSize:24;--minFontSize:24;line-height:1.5;\"><span class=\"fusion-highlighted-text-prefix\"><\/span> <span class=\"fusion-highlighted-text-wrapper\"><span class=\"fusion-highlighted-text\">Entdecken Sie das Gard auf seinen verschiedenen Weinstra\u00dfen<\/span><svg xmlns=\"http:\/\/www.w3.org\/2000\/svg\" viewBox=\"0 0 500 150\" preserveAspectRatio=\"none\"><path d=\"M8.1,146.2c0,0,240.6-55.6,479-13.8\"><\/path><\/svg><\/span> <span class=\"fusion-highlighted-text-postfix\"><\/span><\/h2><\/div><div class=\"fusion-sep-clear\"><\/div><div class=\"fusion-separator fusion-full-width-sep\" style=\"margin-left: auto;margin-right: auto;margin-top:30px;width:100%;\"><\/div><div class=\"fusion-sep-clear\"><\/div><div class=\"fusion-text fusion-text-1\"><p>Der Gard ist reich an einer Vielfalt von Terroirs, in denen die Rebe erfolgreich gedeiht.<br \/>\nAuf diese Weise haben M\u00e4nner allein in dieser Abteilung sechs gesch\u00fctzte Ursprungsbezeichnungen und drei gesch\u00fctzte geografische Angaben f\u00fcr Wein geschaffen, der voller Sonnenschein, Geschmack und Gro\u00dfz\u00fcgigkeit ist.<\/p>\n<p>Der Ursprung des Erfolgs des Weinbaus in der Gardoise h\u00e4ngt weitgehend mit den Eigenschaften seiner B\u00f6den zusammen: rote und ockerfarbene B\u00f6den, angereichert durch Schwemmlandablagerungen der Rh\u00f4ne, Rollkiesel aus der Costi\u00e8re, kalkhaltige Garrigues, kohlens\u00e4urehaltige Ebenen, D\u00fcnensand am K\u00fcstenstreifen: so viele Terroirs, die den Reichtum und die Vielfalt unserer Weinberge ausmachen.<br \/>\nDas mediterrane Klima gew\u00e4hrleistet die Einheit der verschiedenen Rebsorten, die im Gard gepflanzt werden, ein Klima, das aus Zwang und Gewalt besteht. Es ist in der Tat die hei\u00dfeste Region Frankreichs, mit Temperaturen, die im Sommer \u00fcber 30 Grad betragen k\u00f6nnen. Niederschl\u00e4ge sind selten, unregelm\u00e4\u00dfig und schlecht verteilt. Die Winde kommen, um die Trockenheit des Bodens zu verst\u00e4rken, wenn es sich um ablandigen Wind handelt. Auf der anderen Seite bringt die Meeresbrise der Rebe wohltuende Feuchtigkeit und mildert so die Auswirkungen der Hitze.<br \/>\nDer Weinbau hier ist eine Tradition, die in der mediterranen Kultur verwurzelt ist, mit der Leidenschaft ihrer Winzer, die Weine erzeugen, deren Qualit\u00e4t weithin anerkannt ist.<\/p>\n<\/div><div class=\"fusion-clearfix\"><\/div><\/div><\/div><div class=\"fusion-layout-column fusion_builder_column fusion-builder-column-1 fusion_builder_column_3_5 3_5 fusion-three-fifth fusion-column-first\" style=\"--awb-bg-size:cover;width:60%;width:calc(60% - ( ( 4% ) * 0.6 ) );margin-right: 4%;\"><div class=\"fusion-column-wrapper fusion-column-has-shadow fusion-flex-column-wrapper-legacy\"><div class=\"fusion-text fusion-text-2\"><p>Im Gard, beg\u00fcnstigt durch starke Sonneneinstrahlung und eine hoch entwickelte Vielfalt an B\u00f6den und Terroirs, hat der gesamte Weinbau in den letzten zwanzig Jahren eine wahre Revolution erlebt. Nach einer Periode hoher Produktion, die dem Massenkonsum entsprach, haben sich alle Weinbauern und ihre Strukturen ver\u00e4ndert.<\/p>\n<p>Die Vermarktung (Genossenschaftskellereien und private Weing\u00fcter) haben einen gewaltigen Sprung nach vorn erm\u00f6glicht: unter anderem die Wahl der Rebsorten, eine starke Politik der qualitativen Rodung, die Verringerung der Produktionsertr\u00e4ge und die Erforschung neuer Methoden der Weinbereitung.<\/p>\n<p>So hat sich die Produktion von Vins de Pays in Richtung fruchtiger Weine entwickelt, manchmal verst\u00e4rkt durch die Typizit\u00e4t bestimmter Rebsorten (Chardonnay, Viognier, Merlot). Diese Entwicklung hat es erm\u00f6glicht, die Nachfrage der Verbraucher zu befriedigen und gleichzeitig den Export der Weine zu erm\u00f6glichen, die in den letzten zehn Jahren stetig zugenommen haben. Um sie zu entdecken, geht nichts \u00fcber einen kurzen Stopp im Keller der Dorfgenossenschaft oder auf dem am Stra\u00dfenrand angegebenen Privatanwesen.<\/p>\n<\/div><div class=\"fusion-clearfix\"><\/div><\/div><\/div><div class=\"fusion-layout-column fusion_builder_column fusion-builder-column-2 fusion_builder_column_2_5 2_5 fusion-two-fifth fusion-column-last galerie\" style=\"--awb-bg-size:cover;width:40%;width:calc(40% - ( ( 4% ) * 0.4 ) );\"><div class=\"fusion-column-wrapper fusion-column-has-shadow fusion-flex-column-wrapper-legacy\"><div class=\"fusion-image-element fusion-image-align-center in-legacy-container\" style=\"text-align:center;--awb-caption-title-font-family:var(--h2_typography-font-family);--awb-caption-title-font-weight:var(--h2_typography-font-weight);--awb-caption-title-font-style:var(--h2_typography-font-style);--awb-caption-title-size:var(--h2_typography-font-size);--awb-caption-title-transform:var(--h2_typography-text-transform);--awb-caption-title-line-height:var(--h2_typography-line-height);--awb-caption-title-letter-spacing:var(--h2_typography-letter-spacing);\"><div class=\"imageframe-align-center\"><span class=\" fusion-imageframe imageframe-none imageframe-1 hover-type-none\"><a href=\"https:\/\/www.gard-camping.com\/wp-content\/uploads\/vignoble.jpg\" class=\"fusion-lightbox\" data-rel=\"iLightbox[93c75ae0dbff427714c]\" data-title=\"Weinberge\" title=\"Weinberge\"><img decoding=\"async\" width=\"600\" height=\"300\" alt=\"Weinberge\" src=\"data:image\/svg+xml,%3Csvg%20xmlns%3D%27http%3A%2F%2Fwww.w3.org%2F2000%2Fsvg%27%20width%3D%271400%27%20height%3D%27933%27%20viewBox%3D%270%200%201400%20933%27%3E%3Crect%20width%3D%271400%27%20height%3D%27933%27%20fill-opacity%3D%220%22%2F%3E%3C%2Fsvg%3E\" data-orig-src=\"https:\/\/www.gard-camping.com\/wp-content\/uploads\/vignoble-600x300.jpg\" class=\"lazyload img-responsive wp-image-2270\"\/><\/a><\/span><\/div><\/div><div class=\"fusion-clearfix\"><\/div><\/div><\/div><div class=\"fusion-layout-column fusion_builder_column fusion-builder-column-3 fusion_builder_column_1_3 1_3 fusion-one-third fusion-column-first\" style=\"--awb-bg-size:cover;width:33.333333333333%;width:calc(33.333333333333% - ( ( 4% + 4% ) * 0.33333333333333 ) );margin-right: 4%;\"><div class=\"fusion-column-wrapper fusion-column-has-shadow fusion-flex-column-wrapper-legacy\"><div class=\"fusion-text fusion-text-3 liste-space\"><ul>\n<li><strong>Domaine de Saint Nabor<\/strong><br \/>\n<strong>Anschrift<\/strong>: 2686 Route de Barjac &#8211; 30630 Cornillon<br \/>\n<strong>Telefon<\/strong>: +33 (0)4 66 82 24 26<\/li>\n<li><strong>Domaine de Trescombier<\/strong><br \/>\n<strong>Anschrift<\/strong>: 30630 Cornillon<br \/>\n<strong>Telefon<\/strong>: +33 (0)4 66 82 31 43<\/li>\n<li><strong>Domaine de Bel Air<\/strong><br \/>\n<strong>Anschrift<\/strong>: 5077A Chemin des Combes &#8211; 30200 La Roque-sur-C\u00e8ze<br \/>\n<strong>Telefon<\/strong>: +33 (0)4 66 82 71 60<\/li>\n<\/ul>\n<\/div><div class=\"fusion-clearfix\"><\/div><\/div><\/div><div class=\"fusion-layout-column fusion_builder_column fusion-builder-column-4 fusion_builder_column_1_3 1_3 fusion-one-third liste-space\" style=\"--awb-bg-size:cover;width:33.333333333333%;width:calc(33.333333333333% - ( ( 4% + 4% ) * 0.33333333333333 ) );margin-right: 4%;\"><div class=\"fusion-column-wrapper fusion-column-has-shadow fusion-flex-column-wrapper-legacy\"><div class=\"fusion-text fusion-text-4\"><ul>\n<li><strong>Domaine de Challias<\/strong><br \/>\n<strong>Anschrift<\/strong>: 30630 Cornillon<br \/>\n<strong>Telefon<\/strong>: +33 (0)4 66 82 22 79<\/li>\n<li><strong>Cave de Saint Gely<\/strong><br \/>\n<strong>Anschrift<\/strong>: 30630 Cornillon<br \/>\n<strong>Telefon<\/strong>: 033 (0)4 66 82 21 03<\/li>\n<li><strong>Domaine de Gressac<\/strong><br \/>\n<strong>Anschrift<\/strong>: 958 Chemin de Gressac &#8211; Lieu-dit Clapeyret &#8211; 30630 Verfeuil<br \/>\n<strong>Telefon<\/strong>: +33 (0)4 66 72 90 36<\/li>\n<\/ul>\n<\/div><div class=\"fusion-clearfix\"><\/div><\/div><\/div><div class=\"fusion-layout-column fusion_builder_column fusion-builder-column-5 fusion_builder_column_1_3 1_3 fusion-one-third fusion-column-last liste-space\" style=\"--awb-bg-size:cover;width:33.333333333333%;width:calc(33.333333333333% - ( ( 4% + 4% ) * 0.33333333333333 ) );\"><div class=\"fusion-column-wrapper fusion-column-has-shadow fusion-flex-column-wrapper-legacy\"><div class=\"fusion-text fusion-text-5\"><ul>\n<li><strong>Ch\u00e2teau de Manisy<\/strong><br \/>\n<strong>Anschrift<\/strong>: Route de Roquemaure &#8211; 30126 Tavel<br \/>\n<strong>Telefon<\/strong>: +33 (0)4 66 82 86 94<\/li>\n<\/ul>\n<\/div><div class=\"fusion-clearfix\"><\/div><\/div><\/div><\/div><\/div>\n","protected":false},"excerpt":{"rendered":"","protected":false},"author":1,"featured_media":0,"parent":1765,"menu_order":0,"comment_status":"closed","ping_status":"closed","template":"100-width.php","meta":{"_acf_changed":false,"footnotes":""},"class_list":["post-3116","page","type-page","status-publish","hentry"],"acf":[],"_links":{"self":[{"href":"https:\/\/www.gard-camping.com\/de\/wp-json\/wp\/v2\/pages\/3116","targetHints":{"allow":["GET"]}}],"collection":[{"href":"https:\/\/www.gard-camping.com\/de\/wp-json\/wp\/v2\/pages"}],"about":[{"href":"https:\/\/www.gard-camping.com\/de\/wp-json\/wp\/v2\/types\/page"}],"author":[{"embeddable":true,"href":"https:\/\/www.gard-camping.com\/de\/wp-json\/wp\/v2\/users\/1"}],"replies":[{"embeddable":true,"href":"https:\/\/www.gard-camping.com\/de\/wp-json\/wp\/v2\/comments?post=3116"}],"version-history":[{"count":5,"href":"https:\/\/www.gard-camping.com\/de\/wp-json\/wp\/v2\/pages\/3116\/revisions"}],"predecessor-version":[{"id":3186,"href":"https:\/\/www.gard-camping.com\/de\/wp-json\/wp\/v2\/pages\/3116\/revisions\/3186"}],"up":[{"embeddable":true,"href":"https:\/\/www.gard-camping.com\/de\/wp-json\/wp\/v2\/pages\/1765"}],"wp:attachment":[{"href":"https:\/\/www.gard-camping.com\/de\/wp-json\/wp\/v2\/media?parent=3116"}],"curies":[{"name":"wp","href":"https:\/\/api.w.org\/{rel}","templated":true}]}}

<div class="fusion-fullwidth fullwidth-box fusion-builder-row-1 nonhundred-percent-fullwidth non-hundred-percent-height-scrolling" style="--awb-border-radius-top-left:0px;--awb-border-radius-top-right:0px;--awb-border-radius-bottom-right:0px;--awb-border-radius-bottom-left:0px;--awb-flex-wrap:wrap;" ><div class="fusion-builder-row fusion-row"><div class="fusion-layout-column fusion_builder_column fusion-builder-column-0 fusion_builder_column_1_1 1_1 fusion-one-full fusion-column-first fusion-column-last" style="--awb-bg-size:cover;"><div class="fusion-column-wrapper fusion-column-has-shadow fusion-flex-column-wrapper-legacy"><div class="fusion-title title fusion-title-1 fusion-sep-none fusion-title-center fusion-title-highlight fusion-animate-once fusion-highlight-underline fusion-title-size-two title-max" data-highlight="underline"><h2 class="fusion-title-heading title-heading-center fusion-responsive-typography-calculated" style="margin:0;--fontSize:24;--minFontSize:24;line-height:1.5;"><span class="fusion-highlighted-text-prefix"></span> <span class="fusion-highlighted-text-wrapper"><span class="fusion-highlighted-text">Entdecken Sie das Gard auf seinen verschiedenen Weinstraßen</span><svg xmlns="http://www.w3.org/2000/svg" viewBox="0 0 500 150" preserveAspectRatio="none"><path d="M8.1,146.2c0,0,240.6-55.6,479-13.8"></path></svg></span> <span class="fusion-highlighted-text-postfix"></span></h2></div><div class="fusion-sep-clear"></div><div class="fusion-separator fusion-full-width-sep" style="margin-left: auto;margin-right: auto;margin-top:30px;width:100%;"></div><div class="fusion-sep-clear"></div><div class="fusion-text fusion-text-1"><p>Der Gard ist reich an einer Vielfalt von Terroirs, in denen die Rebe erfolgreich gedeiht.<br />
Auf diese Weise haben Männer allein in dieser Abteilung sechs geschützte Ursprungsbezeichnungen und drei geschützte geografische Angaben für Wein geschaffen, der voller Sonnenschein, Geschmack und Großzügigkeit ist.</p>
<p>Der Ursprung des Erfolgs des Weinbaus in der Gardoise hängt weitgehend mit den Eigenschaften seiner Böden zusammen: rote und ockerfarbene Böden, angereichert durch Schwemmlandablagerungen der Rhône, Rollkiesel aus der Costière, kalkhaltige Garrigues, kohlensäurehaltige Ebenen, Dünensand am Küstenstreifen: so viele Terroirs, die den Reichtum und die Vielfalt unserer Weinberge ausmachen.<br />
Das mediterrane Klima gewährleistet die Einheit der verschiedenen Rebsorten, die im Gard gepflanzt werden, ein Klima, das aus Zwang und Gewalt besteht. Es ist in der Tat die heißeste Region Frankreichs, mit Temperaturen, die im Sommer über 30 Grad betragen können. Niederschläge sind selten, unregelmäßig und schlecht verteilt. Die Winde kommen, um die Trockenheit des Bodens zu verstärken, wenn es sich um ablandigen Wind handelt. Auf der anderen Seite bringt die Meeresbrise der Rebe wohltuende Feuchtigkeit und mildert so die Auswirkungen der Hitze.<br />
Der Weinbau hier ist eine Tradition, die in der mediterranen Kultur verwurzelt ist, mit der Leidenschaft ihrer Winzer, die Weine erzeugen, deren Qualität weithin anerkannt ist.</p>
</div><div class="fusion-clearfix"></div></div></div><div class="fusion-layout-column fusion_builder_column fusion-builder-column-1 fusion_builder_column_3_5 3_5 fusion-three-fifth fusion-column-first" style="--awb-bg-size:cover;width:60%;width:calc(60% - ( ( 4% ) * 0.6 ) );margin-right: 4%;"><div class="fusion-column-wrapper fusion-column-has-shadow fusion-flex-column-wrapper-legacy"><div class="fusion-text fusion-text-2"><p>Im Gard, begünstigt durch starke Sonneneinstrahlung und eine hoch entwickelte Vielfalt an Böden und Terroirs, hat der gesamte Weinbau in den letzten zwanzig Jahren eine wahre Revolution erlebt. Nach einer Periode hoher Produktion, die dem Massenkonsum entsprach, haben sich alle Weinbauern und ihre Strukturen verändert.</p>
<p>Die Vermarktung (Genossenschaftskellereien und private Weingüter) haben einen gewaltigen Sprung nach vorn ermöglicht: unter anderem die Wahl der Rebsorten, eine starke Politik der qualitativen Rodung, die Verringerung der Produktionserträge und die Erforschung neuer Methoden der Weinbereitung.</p>
<p>So hat sich die Produktion von Vins de Pays in Richtung fruchtiger Weine entwickelt, manchmal verstärkt durch die Typizität bestimmter Rebsorten (Chardonnay, Viognier, Merlot). Diese Entwicklung hat es ermöglicht, die Nachfrage der Verbraucher zu befriedigen und gleichzeitig den Export der Weine zu ermöglichen, die in den letzten zehn Jahren stetig zugenommen haben. Um sie zu entdecken, geht nichts über einen kurzen Stopp im Keller der Dorfgenossenschaft oder auf dem am Straßenrand angegebenen Privatanwesen.</p>
</div><div class="fusion-clearfix"></div></div></div><div class="fusion-layout-column fusion_builder_column fusion-builder-column-2 fusion_builder_column_2_5 2_5 fusion-two-fifth fusion-column-last galerie" style="--awb-bg-size:cover;width:40%;width:calc(40% - ( ( 4% ) * 0.4 ) );"><div class="fusion-column-wrapper fusion-column-has-shadow fusion-flex-column-wrapper-legacy"><div class="fusion-image-element fusion-image-align-center in-legacy-container" style="text-align:center;--awb-caption-title-font-family:var(--h2_typography-font-family);--awb-caption-title-font-weight:var(--h2_typography-font-weight);--awb-caption-title-font-style:var(--h2_typography-font-style);--awb-caption-title-size:var(--h2_typography-font-size);--awb-caption-title-transform:var(--h2_typography-text-transform);--awb-caption-title-line-height:var(--h2_typography-line-height);--awb-caption-title-letter-spacing:var(--h2_typography-letter-spacing);"><div class="imageframe-align-center"><span class=" fusion-imageframe imageframe-none imageframe-1 hover-type-none"><a href="https://www.gard-camping.com/wp-content/uploads/vignoble.jpg" class="fusion-lightbox" data-rel="iLightbox[93c75ae0dbff427714c]" data-title="Weinberge" title="Weinberge"><img decoding="async" width="600" height="300" alt="Weinberge" src="data:image/svg+xml,%3Csvg%20xmlns%3D%27http%3A%2F%2Fwww.w3.org%2F2000%2Fsvg%27%20width%3D%271400%27%20height%3D%27933%27%20viewBox%3D%270%200%201400%20933%27%3E%3Crect%20width%3D%271400%27%20height%3D%27933%27%20fill-opacity%3D%220%22%2F%3E%3C%2Fsvg%3E" data-orig-src="https://www.gard-camping.com/wp-content/uploads/vignoble-600x300.jpg" class="lazyload img-responsive wp-image-2270"/></a></span></div></div><div class="fusion-clearfix"></div></div></div><div class="fusion-layout-column fusion_builder_column fusion-builder-column-3 fusion_builder_column_1_3 1_3 fusion-one-third fusion-column-first" style="--awb-bg-size:cover;width:33.333333333333%;width:calc(33.333333333333% - ( ( 4% + 4% ) * 0.33333333333333 ) );margin-right: 4%;"><div class="fusion-column-wrapper fusion-column-has-shadow fusion-flex-column-wrapper-legacy"><div class="fusion-text fusion-text-3 liste-space"><ul>
<li><strong>Domaine de Saint Nabor</strong><br />
<strong>Anschrift</strong>: 2686 Route de Barjac &#8211; 30630 Cornillon<br />
<strong>Telefon</strong>: +33 (0)4 66 82 24 26</li>
<li><strong>Domaine de Trescombier</strong><br />
<strong>Anschrift</strong>: 30630 Cornillon<br />
<strong>Telefon</strong>: +33 (0)4 66 82 31 43</li>
<li><strong>Domaine de Bel Air</strong><br />
<strong>Anschrift</strong>: 5077A Chemin des Combes &#8211; 30200 La Roque-sur-Cèze<br />
<strong>Telefon</strong>: +33 (0)4 66 82 71 60</li>
</ul>
</div><div class="fusion-clearfix"></div></div></div><div class="fusion-layout-column fusion_builder_column fusion-builder-column-4 fusion_builder_column_1_3 1_3 fusion-one-third liste-space" style="--awb-bg-size:cover;width:33.333333333333%;width:calc(33.333333333333% - ( ( 4% + 4% ) * 0.33333333333333 ) );margin-right: 4%;"><div class="fusion-column-wrapper fusion-column-has-shadow fusion-flex-column-wrapper-legacy"><div class="fusion-text fusion-text-4"><ul>
<li><strong>Domaine de Challias</strong><br />
<strong>Anschrift</strong>: 30630 Cornillon<br />
<strong>Telefon</strong>: +33 (0)4 66 82 22 79</li>
<li><strong>Cave de Saint Gely</strong><br />
<strong>Anschrift</strong>: 30630 Cornillon<br />
<strong>Telefon</strong>: 033 (0)4 66 82 21 03</li>
<li><strong>Domaine de Gressac</strong><br />
<strong>Anschrift</strong>: 958 Chemin de Gressac &#8211; Lieu-dit Clapeyret &#8211; 30630 Verfeuil<br />
<strong>Telefon</strong>: +33 (0)4 66 72 90 36</li>
</ul>
</div><div class="fusion-clearfix"></div></div></div><div class="fusion-layout-column fusion_builder_column fusion-builder-column-5 fusion_builder_column_1_3 1_3 fusion-one-third fusion-column-last liste-space" style="--awb-bg-size:cover;width:33.333333333333%;width:calc(33.333333333333% - ( ( 4% + 4% ) * 0.33333333333333 ) );"><div class="fusion-column-wrapper fusion-column-has-shadow fusion-flex-column-wrapper-legacy"><div class="fusion-text fusion-text-5"><ul>
<li><strong>Château de Manisy</strong><br />
<strong>Anschrift</strong>: Route de Roquemaure &#8211; 30126 Tavel<br />
<strong>Telefon</strong>: +33 (0)4 66 82 86 94</li>
</ul>
</div><div class="fusion-clearfix"></div></div></div></div></div>
